. Suppose -5*y + 2*y + f = 0. List the prime factors of y.
3, 19
Let u be (-12)/18 - (-10)/(-3). Let h be ((-18)/(-2))/(u/(-4)). Suppose -6*m + h = -3*m. List the prime factors of m.
3
Suppose 57*c = 55*c + 318. Suppose l + 5*j + 0*j - c = 0, 0 = 2*l + j - 345. What are the prime factors of l?
2, 3, 29
Suppose 3*s - 7*s = -20748. List the prime factors of s.
3, 7, 13, 19
Let x = 226 - -3514. What are the prime factors of x?
2, 5, 11, 17
Suppose 5*l + 470598 = 87*l. List the prime factors of l.
3, 1913
Let z be 5/((-10)/44) + 1. Let p = z + 59. List the prime factors of p.
2, 19
Suppose -25 = -3*b + 50. Suppose 0 = -0*c - 5*c + b. Suppose 3 = c*f - 12. List the prime factors of f.
3
Let r be ((-2)/2 - -3)/((-2)/(-30)). Suppose o = 4*l + 138 + r, o = -4*l + 176. What are the prime factors of o?
2, 43
What are the prime factors of 2361/2*(-540)/(-162)?
5, 787
Suppose 1571 + 1429 = 3*i - 4*c, 5*i = -5*c + 5000. List the prime factors of i.
2, 5
Let v be (3/(-9))/((-2)/24). Let r = 28 + -26. Suppose -v*n + r*n = -56. List the prime factors of n.
2, 7
Let y(b) = b**2 - 4*b - 16. Let s be y(-2). Let g = 153 - 74. Let w = s + g. What are the prime factors of w?
3, 5
Suppose 3*k = 4*f + 35, -5*f - 35 = -0*k - 2*k. Let b = k - 5. Suppose 0 = -5*y + 5*p - 2*p + 154, -4*y - p + 130 = b. List the prime factors of y.
2
Let o = -101 + 642. List the prime factors of o.
541
Suppose -j = -1 - 1. Let y(z) = -16*z - 79. Let q be y(-34). List the prime factors of (q/45)/(j/12).
2, 31
Suppose 0 = 3*b - 7*b + 192. Suppose -13*l - b = -9*l. Let q = 47 + l. What are the prime factors of q?
5, 7
Suppose 3*b + 20 = 5*u, 3*u - 23 = -4*b - 11. List the prime factors of u.
2
Let x(j) = 2*j + 160. Let k = 6 - 6. List the prime factors of x(k).
2, 5
Let k(i) = -2*i + 12. Let h be k(9). Let q be (16/h)/(2/(-6)). Suppose -l - q = -4, -l = -o + 31. List the prime factors of o.
3
Let c(x) = 3*x**2 - 3*x + 42. Let n be c(15). Suppose -n = 5*u - 11*u. List the prime factors of u.
2, 7
List the prime factors of (-1589)/(-21)*3*2/2.
227
Let z = 10 - 9. List the prime factors of z - 186*(56/12)/(-7).
5
Let m(o) = 11*o**2 + 2*o - 5. Let d be m(-4). Let z = 352 - d. List the prime factors of z.
3, 7
What are the prime factors of -9*(-7 + (-1840)/4)?
3, 467
Suppose 247 - 100 = 3*c. Let x = c + 18. List the prime factors of x.
67
Suppose i - 1 = 0, 8*i + 608 = 5*v + 6*i. List the prime factors of v.
2, 61
Let s(w) = 3*w - 13. Let d be s(7). Suppose d*q - 3*q = 10. What are the prime factors of (-5)/q*188/(-10)?
47
Let q = 183 + -89. Suppose -6 = -3*a, 0*g + g - q = -5*a. Suppose 0 = -6*m + 3*m + o + g, -2*m = 2*o - 48. List the prime factors of m.
3
Let q(v) = -2*v**2 - 36*v - 12. Let p be q(-18). Let k = 53 - p. List the prime factors of k.
5, 13
Suppose 0 = 3*t - 2*y - 91, 5*t + 4*y + 60 = 241. Suppose 41 = d - t. List the prime factors of d.
2, 37
Let p be 55/(-3) + 1/3. Let q = -14 - p. Suppose -q*v + 0*v = -40. List the prime factors of v.
2, 5
Suppose -5 = -w - 2, -61 = 5*t + 3*w. Suppose 175 = 3*h + 2*h. Let x = h + t. List the prime factors of x.
3, 7
Let z(a) = -50*a**3 + 3*a + 3. Let s be z(2). Let v = -195 - s. What are the prime factors of v?
2, 7
Let b = -18 + 18. Suppose b = -2*w - 51 + 153. What are the prime factors of w?
3, 17
Let d(q) be the third derivative of q**4/8 - 13*q**3/6 - 11*q**2. Let a be d(5). Suppose a*b - 45 = -3*b. List the prime factors of b.
3
What are the prime factors of (7 - 476/21)/((-2)/66)?
11, 47
Let j = 2268 + -1451. What are the prime factors of j?
19, 43
Let x = 4 + 1. Suppose 8*o = 3*o + 5, 4*o + 21 = x*c. Suppose -2*b = 3*h - b - 23, b = c*h - 49. List the prime factors of h.
3
Let c(l) = -l + 8. Let p be c(5). Suppose -4*z - d = 127 - 1212, -810 = -3*z + p*d. What are the prime factors of z?
271
Let r be 64/(-10) - (-2)/5. Let t be 3*((-26)/r - 3). Suppose -5*l = t*u - 4*l - 17, u - 5*l = -22. What are the prime factors of u?
3
Let x(t) = 5*t**2 + 3*t - 9. Let w be x(-4). Suppose -h + w + 67 = 0. What are the prime factors of h?
2, 3, 7
Let q be (2 - 4)/(-2) - 6. Let c be (-1 + 2/(-2))*29/2. Let d = q - c. What are the prime factors of d?
2, 3
Suppose 0*j = -j + 51. Let t = j + 9. What are the prime factors of t?
2, 3, 5
Let h = -63 - -66. What are the prime factors of 105/(h/5*1)?
5, 7
What are the prime factors of (0 - (-474)/(-8))/(216/(-10656))?
37, 79
Let f(v) = -v**3 - 6*v**2 + 4*v + 5. Let o be f(-6). Let u = o + 23. Suppose -4*a - 316 = -u*z, 38 = -z + 4*a + 126. List the prime factors of z.
2, 19
Suppose 43*w - 2126 = 9527. List the prime factors of w.
271
Let f = -1197 - -643. Let h = -339 - f. List the prime factors of h.
5, 43
Let k(c) = -21*c - 10. Let u be k(-5). Suppose 4*s - 3*o - 320 = 0, -5*s + 274 = 4*o - u. What are the prime factors of s?
7, 11
Let r be (-50)/1 - (2 + -1). Suppose 0 = -3*v - 2*q - q - 126, 3*v + 144 = 3*q. What are the prime factors of -6*(-5)/(v/r)?
2, 17
Suppose -x - 121 = -9. Let n = x + 164. List the prime factors of n.
2, 13
Suppose -21 = 3*x - 3*d, -5*d + 0*d = 5. Let z be 1/(-2) - 76/x. Let y(t) = t**3 - 10*t**2 + 11*t - 4. What are the prime factors of y(z)?
2, 7
Suppose 3*x + 4*d - 10 = 0, 2*x + 20 = 6*d - 2*d. Let c be 1 - 28/x - 0. Suppose 2*u - 91 + c = 0. What are the prime factors of u?
2, 19
Suppose 3*n - 36 = -3*h, -6 = 3*n - 5*h - 42. Suppose 5*u - 246 = -4*v, 5*v - 57 = -u - n. List the prime factors of u.
2, 5
List the prime factors of ((-30)/20)/(1 + (-932)/928).
2, 3, 29
Suppose 18 - 88 = -c. Let x = -45 + c. List the prime factors of x.
5
Let r = 0 + 4. Suppose 5*t = r*t + 207. List the prime factors of t.
3, 23
Let l be ((-2)/4)/(3/(-30)). What are the prime factors of 3/(-12)*13*(-31 - l)?
3, 13
Let a(f) = -2*f - 6. Let k be a(-3). Suppose -12 = -3*c, k = u + 5*c - 0*c - 161. What are the prime factors of u?
3, 47
Suppose 1 = -i + 30. Suppose i = 3*a + 2. What are the prime factors of a?
3
Let a be ((-2)/(-6))/((-37)/9 + 4). List the prime factors of (1/a)/(10/(-6900)).
2, 5, 23
Let k be 4/(8/(-4) + 4). List the prime factors of (37*k)/(38/133).
7, 37
Suppose -2*o - 2*r = -6, -3*r + 6 = 5*o - 7*r. Suppose -w = -o*w. Suppose w = n - 0*n - 6. List the prime factors of n.
2, 3
Suppose -s = -32 - 12. Suppose -4*g + i - s = -404, -g + 107 = 4*i. List the prime factors of g.
7, 13
Suppose 16*v = 21*v - 75. What are the prime factors of (18/v)/(4/120)?
2, 3
Suppose 0 = -2*s + 3*c - 2, 8 = 4*s - 2*c - c. Suppose 0 = 2*d + 2*y + 20, -s*y + 2*y = -2*d - 30. Let v = d + 15. List the prime factors of v.
3
Let g(c) = c + 62. What are the prime factors of g(-3)?
59
Let p be 64/(-80) + ((-38)/(-10) - 1). Suppose 4*k - 96 = k. Suppose 4*z = -m + p*z + k, -4*m - 5*z = -134. What are the prime factors of m?
2, 3
Let o(z) = 9 - 2*z**2 - 2*z + z**3 - 7 - 2*z**3. Let i be o(-2). Suppose i = 5*k - 4. What are the prime factors of k?
2
Let k(u) = 5 + u - 3*u**2 + u - 3*u + 2*u**2. Let h be k(0). Suppose 0 = -6*n + h*n + 33. What are the prime factors of n?
3, 11
Let r be 12/21 - (90/(-14) + 0). Suppose w = r*w - 1602. What are the prime factors of w?
3, 89
Let r(y) = 11*y + 269. What are the prime factors of r(24)?
13, 41
Let s = 2 + -23. Let t = s + 36. What are the prime factors of (t - 14) + 1 + 21?
23
Suppose 12*r - 17167 = -3979. List the prime factors of r.
7, 157
Let x(j) = -j**2 + 12*j + 26. Let c be (-36)/(-9) + 1 + 8. What are the prime factors of x(c)?
13
Suppose -j - 5 = -4*j - d, 3*j = 5*d + 11. Suppose -j*c = c. Let r(v) = -v**3 - 2*v + 38. List the prime factors of r(c).
2, 19
Suppose -5*o - 3*u = u - 43, 4*o = -3*u + 35. Let v(p) = -p**3 + 11*p**2 - p + 15. Let g be v(o). Suppose 92 = g*k + 20. List the prime factors of k.
2, 3
Suppose l + 43*n - 41*n = 1593, n + 7965 = 5*l. List the prime factors of l.
3, 59
Suppose -5*c = -2*c - 6. Suppose 0 = -0*n + c*n - 8. Suppose -3*m + 1 = -n*j + 9, -3*j + 23 = 2*m. What are the prime factors of m?
2
Let l be 148/12 + 5/(-15). Suppose 4*m - 140 = 4*v, -5*v = -m + l + 31. What are the prime factors of m?
3, 11
List the prime factors of 3/1*(-9 + (828 - 11)).
2, 3, 101
Let h = 695 + -221. What are the prime factors of h?
2, 3, 79
Let j(x) = x**2 + 2. Let w be j(0). Suppose 5*y - 3*y = 10. Suppose -b - w*b = 0, 2*h - 44 = y*b. What are the prim